et r(b) = 75*b - 47. Let g(d) = 3*r(d) + 7*x(d). Let u be g(-5). Calculate the highest common factor of 20 and u.
10
Let a be (26 + 140)/(4*-1)*-10. Calculate the greatest common factor of 5 and a.
5
Let i(c) = -25*c - 146. Let u be i(-6). Suppose u*f + l - 336 = 4*l, 5*l = 0. What is the highest common factor of f and 36?
12
Let x = 7 - 1. Let w = -18 + x. Let f be (-4 - 56/w)*12/2. Calculate the highest common divisor of f and 32.
4
Let q(a) = -90*a. Let p be q(-1). Let s = -59260 + 59380. Calculate the greatest common factor of s and p.
30
Suppose -13*m + 8*m + 672 = 4*b, 5*m - 669 = -3*b. Suppose -4*i = 2*f - 28, 2*f - 4*i - 11 - 9 = 0. Calculate the greatest common divisor of f and m.
12
Suppose -3*c + 0*a + 2*a + 8 = 0, -12 = -c - 4*a. What is the greatest common divisor of 308 and c?
4
Let r(s) = 2*s**2 + 2*s - 6. Let n be r(-3). Suppose n*w = 11*w - 120. Suppose 12*f = 7*f + 300. Calculate the greatest common factor of f and w.
12
Let u = -139 + 151. Suppose -u*h - 210 = -26*h. Calculate the greatest common factor of 105 and h.
15
Suppose -4*p - 100 + 380 = 0. Let c = -18644 - -18742. What is the highest common divisor of p and c?
14
Let x = 6570 + -6219. Calculate the greatest common factor of x and 81.
27
Let m(p) = -p**2 + 8*p - 9. Let n be m(5). Suppose 28 = -7*v + 518. Let x be v/((-20)/(-4)) - -1. Calculate the greatest common factor of x and n.
3
Let d(u) = 17*u + 712. Let i be d(-35). What is the highest common factor of i and 754?
13
Let p(x) = -2 + 5 + 4*x + 6 + 0 + 2*x**2. Let n = -9 - -5. Let g be p(n). Calculate the highest common factor of 50 and g.
25
Suppose -485*s = -477*s - 24. Suppose -220 = -5*q - 2*y, -s*y = q - 12 - 19. What is the greatest common divisor of q and 368?
46
Let r be (-26044)/(-14) + (-67)/(12194/52). Calculate the highest common factor of 60 and r.
60
Suppose -25*a = -22*a - 189. Let g be 1/(4 + 55/(-14)). What is the highest common divisor of a and g?
7
Suppose 23*w = -14*w - w + 47120. What is the greatest common divisor of 170 and w?
10
Let r be (-1 + (-1)/1)/(-1). Suppose 0*k + r*k - 18 = 0. Let f(o) = 94*o**2 + 12*o - 1. Let y be f(-1). Calculate the greatest common divisor of y and k.
9
Let y(j) = 148*j - 2632. Let f be y(18). Calculate the greatest common divisor of f and 496.
16
Suppose 0 = -y - 15 - 7. Let h = y + 27. Suppose -h*f = -11*f + 792. Calculate the greatest common divisor of f and 12.
12
Suppose -48 = -x - x. Let t be 19592/48 - (-4)/(-24). Suppose -19*u + 2*u = -t. Calculate the greatest common divisor of x and u.
24
Let s(q) = 4*q**2 + 109*q + 32. Let m be (-27 - (4 + -9)) + -5. Let x be s(m). Calculate the greatest common divisor of x and 95.
5
Let p = 60 + -42. Suppose -q = -w - w - 113, -8*w + 133 = q. What is the greatest common divisor of p and q?
9
Let v = 872 - 744. Calculate the highest common factor of 576 and v.
64
Let s = 52 - 50. Suppose 0*m + 2*y + 8 = s*m, -9 = 3*y. What is the highest common factor of m and 7?
1
Suppose y = 2*m - 17, -m - 5 = -5*y - 0. Let k(b) = 17*b**2 - 10*b + 9. Let u be k(1). Suppose -m = -t + u. Calculate the highest common divisor of 2 and t.
2
Let b = 1409 + -1190. Calculate the highest common factor of 22557 and b.
219
Let b be ((-12)/3*(-3)/8)/((-5)/(-160)). What is the highest common divisor of 11056 and b?
16
Suppose 292 = 5*x + 62. Let r(q) = -36*q - 65. Let j be r(-5). What is the greatest common divisor of j and x?
23
Let h(g) = 5*g**2 + 7*g + 5*g + 12 - 5*g + 3*g. Let z be h(-8). Let t(d) = -6*d**2 - 62*d - 70. Let b be t(-8). What is the highest common factor of z and b?
42
Let l(y) = -11*y**2 + 16*y + 13. Let h be l(4). Let u = h + 303. Calculate the greatest common divisor of 153 and u.
51
Suppose 2638 = -3*h + 8161 + 12429. Calculate the highest common factor of 128 and h.
32
Suppose 9 = 2*c + 1. Let z be 3 + (175/(-63) - (-2)/(-9)) + 5. Suppose -c*n = -12, z*x + 0*n - 94 = 2*n. What is the greatest common divisor of x and 5?
5
Suppose 21*x - 59*x = -38. Suppose 3*k + 3*y - 2*y = 0, 2 = 5*k + y. Suppose -5*t = 2*h + h + k, 3 = 5*t + h. What is the greatest common divisor of x and t?
1
Let j = 7 - 5. Suppose 3*f + j*b + 23 = 117, 4*b + 152 = 4*f. Let q(h) = 21*h**2 - 311*h - 43. Let y be q(15). What is the greatest common divisor of f and y?
17
Let i = -119 + 127. Suppose 700 = -3*c + i*c. Calculate the greatest common factor of 28 and c.
28
Let q = 15731 - 8464. Calculate the greatest common divisor of q and 39.
13
Suppose -26*b + 36 = 2*h - 30*b, 4*h - 3*b = 82. What is the highest common divisor of 154 and h?
22
Let y = -6685 + 6828. Calculate the greatest common divisor of y and 2970.
11
Let w(a) = a - 2. Let z be w(11). Let s(n) = n**3 + n**2 + 6*n - 5. Let h be s(4). Calculate the greatest common divisor of h and z.
9
Let m be 45/(-2)*32/(-80). Suppose 3*u - m = 0, 3*k + 4*u - 450 = 7*u. Calculate the greatest common factor of 18 and k.
9
Suppose 63*b - 522 = 66*b. Let o = b - -209. What is the highest common factor of o and 15?
5
Let d(i) = 4*i**2 + 155*i + 654. Let t be d(-61). What is the highest common factor of 237 and t?
79
Let q(p) = -994*p + 52684. Let f be q(53). Let o(i) = -4*i**2 + 3*i**2 - 2 + 2*i**2. Let n be o(-2). Calculate the greatest common divisor of f and n.
2
Let f be (462/165)/(10/1725). Calculate the highest common divisor of f and 84.
21
Let m(y) = 7*y**2 + 67*y - 290. Let a be m(-15). What is the highest common factor of a and 5110?
70
Let t be (24/(-75))/((-2)/5) + 2497338/515. What is the greatest common factor of 194 and t?
194
Suppose 2*d + 4*j - j - 152 = 0, 10 = 5*j. Let o = d - 37. Let v be (-19)/(456/(-36))*72. What is the highest common factor of v and o?
36
Suppose 4*c + 1697*n - 357 = 1702*n, 456 = 5*c - 3*n. Calculate the greatest common divisor of c and 114.
3
Let f = 659 + -323. Let q be (-62)/279 + 182/9 + 1. Calculate the highest common factor of f and q.
21
Suppose 0 = -h - 4*u + 20108, -5*h - 4*u + 131980 - 31376 = 0. What is the highest common divisor of 24 and h?
12
Let z be (-3)/(-2)*(5 + -1 - -6). Suppose -p + 3*p + 5*j - z = 0, p + 4*j = 6. Calculate the greatest common factor of p and 130.
10
Let a(f) = -f**3 + 6*f**2 + f - 1. Let x be a(5). Let o be ((-30)/12)/((-12)/696). What is the greatest common divisor of o and x?
29
Let f(w) = 139*w + 400. Let l be f(20). Calculate the greatest common divisor of l and 60.
60
Let j = 102 + -52. Let b = 138 - j. Calculate the greatest common divisor of b and 11.
11
Let a be (2 - 2) + -9 - ((-16 - 83) + 17). What is the highest common divisor of 25039 and a?
73
Suppose 27*n - 2*f = 22*n + 15, 3*f = -3*n + 9. What is the highest common divisor of 309 and n?
3
Let y be (3045/(-4060))/(1*(-1)/1364). What is the greatest common factor of 33 and y?
33
Suppose 0 = 2*w + 3*w - 245. Let o = 80933 - 80884. What is the highest common divisor of o and w?
49
Suppose 81*o = 87*o - 3150. Let k be o/6*((0 - 4) + 6). Calculate the highest common factor of k and 14.
7
Let b = -222 + 110. Let d be b/(-12) + 4/6. Suppose -3*v + v + 6 = -2*u, -19 = -3*v - 2*u. Calculate the highest common factor of v and d.
5
Let x = 93 + -51. Suppose 6*n = 112*n - 34132. What is the highest common factor of x and n?
14
Let c be (270 - 3) + (4 - (17 - 7)). What is the highest common divisor of c and 87?
87
Let c be 0 - 6/4*-70. Let f be (-27)/12 + 15222/472. Calculate the greatest common divisor of f and c.
15
Let g be 4/(-10) + 19516/340. What is the greatest common divisor of 532 and g?
19
Suppose -t + q + 1580 = 0, -5*q + 11949 = 5*t + 3989. What is the highest common divisor of t and 1708?
122
Let a be (-13 + 3611/69)*(-174)/(-4). What is the greatest common factor of 118 and a?
59
Let v = -6754 - -6887. What is the greatest common divisor of 152 and v?
19
Suppose -34*l - 18*l = -17212. Suppose 0 = -3*g + l + 110. Calculate the highest common divisor of 49 and g.
49
Let l(z) = -z**3 - 28*z**2 - 24*z + 84. Let w be l(-27). Calculate the greatest common divisor of w and 23.
1
Let g = 2320 + -1845. What is the greatest common divisor of 646 and g?
19
Let x(p) = -p**2 + 12*p - 11. Let w be x(6). Let n = 87 - 57. Calculate the highest common divisor of n and w.
5
Let w = 151 - 85. Suppose 2 = 21*r + 65. Let o be (-2)/51*r - (-3362)/34. Calculate the greatest common fa